{"id":111,"date":"2023-08-07T19:43:01","date_gmt":"2023-08-07T17:43:01","guid":{"rendered":"http:\/\/magenta-brass.de\/?page_id=111"},"modified":"2023-08-07T19:51:52","modified_gmt":"2023-08-07T17:51:52","slug":"matthias","status":"publish","type":"page","link":"http:\/\/magenta-brass.de\/?page_id=111","title":{"rendered":"Matthias"},"content":{"rendered":"\n<div class=\"wp-block-media-text alignwide is-stacked-on-mobile is-vertically-aligned-top\" style=\"grid-template-columns:34% auto\"><figure class=\"wp-block-media-text__media\"><img loading=\"lazy\" decoding=\"async\" width=\"683\" height=\"1024\" src=\"http:\/\/magenta-brass.de\/wp-content\/uploads\/2023\/08\/mase-683x1024.jpg\" alt=\"\" class=\"wp-image-134 size-full\" srcset=\"http:\/\/magenta-brass.de\/wp-content\/uploads\/2023\/08\/mase-683x1024.jpg 683w, http:\/\/magenta-brass.de\/wp-content\/uploads\/2023\/08\/mase-200x300.jpg 200w, http:\/\/magenta-brass.de\/wp-content\/uploads\/2023\/08\/mase-768x1152.jpg 768w, http:\/\/magenta-brass.de\/wp-content\/uploads\/2023\/08\/mase-1024x1536.jpg 1024w, http:\/\/magenta-brass.de\/wp-content\/uploads\/2023\/08\/mase-1365x2048.jpg 1365w, http:\/\/magenta-brass.de\/wp-content\/uploads\/2023\/08\/mase-scaled.jpg 1707w\" sizes=\"auto, (max-width: 683px) 100vw, 683px\" \/><\/figure><div class=\"wp-block-media-text__content\">\n<p><strong>Matthias Me\u00dfmer<\/strong> erhielt seinen ersten Hornunterricht an der Musikschule Heidelberg bei Bernd Frelet. Dort war er auch Stipendiat der Hochbegabtenf\u00f6rderung, bevor er Jungstudent an der Musikhochschule Mannheim in der Klasse von Prof. Peter Arnold wurde. An der HMTM&nbsp;Hannover studierte er anschlie\u00dfend den F\u00e4cher\u00fcbergreifenden Bachelorstudiengang und erhielt dort Hornunterricht bei Prof. Markus Maskuniitty und Ralph Ficker. Hier war er au\u00dferdem Preistr\u00e4ger des Deutschlandstipendiums.<\/p>\n\n\n\n<p>Als Hornist spielte Matthias&nbsp;in zahlreichen Auswahlensembles, wie dem Landesjugendorchester Baden-W\u00fcrttemberg, der Philharmonie Merck und dem Bundesschulmusikorchester. Au\u00dferdem war er in diversen Kammermusikensembles wie dem Palatina Hornensemble, Mannheimer Blech und F\u00fcBrass aktiv. Beim Bundeswettbewerb \u201eJugend musiziert\u201c 2009 in Essen nahm er sehr erfolgreich&nbsp;teil, ebenso an&nbsp;Meisterkursen mit Prof. Christian Lampert, Prof. Carlos Crespo, Prof. Hermann Baumann, Prof. Erich Penzel, u. a.<\/p>\n\n\n\n<p>Neben dem Horn ist&nbsp;Matthias auch als S\u00e4nger aktiv.&nbsp;Chorerfahrung sammelte er unter anderem im Konzertchor der HMTMH sowie aktuell in der Capella St. Crucis Hannover und im Kammerchor vox animata.<\/p>\n\n\n\n<p>Konzertreisen und Wettbewerbe f\u00fchrten ihn bereits nach \u00d6sterreich, England, Frankreich, Italien, Spanien, D\u00e4nemark, Schweden, Lettland, Polen, Tschechien, Ungarn, China, sowie in die Schweiz und in die Niederlande.<\/p>\n<\/div><\/div>\n","protected":false},"excerpt":{"rendered":"<p>Matthias Me\u00dfmer erhielt seinen ersten Hornunterricht an der Musikschule Heidelberg bei Bernd Frelet. Dort war er auch Stipendiat der Hochbegabtenf\u00f6rderung, bevor er Jungstudent an der Musikhochschule Mannheim in der Klasse<a href=\"http:\/\/magenta-brass.de\/?page_id=111\" class=\"more-link\"><span class=\"readmore\">Continue reading<span class=\"screen-reader-text\">Matthias<\/span><\/span><\/a><\/p>\n","protected":false},"author":1,"featured_media":0,"parent":0,"menu_order":0,"comment_status":"closed","ping_status":"closed","template":"","meta":{"footnotes":""},"class_list":["post-111","page","type-page","status-publish","hentry"],"_links":{"self":[{"href":"http:\/\/magenta-brass.de\/index.php?rest_route=\/wp\/v2\/pages\/111","targetHints":{"allow":["GET"]}}],"collection":[{"href":"http:\/\/magenta-brass.de\/index.php?rest_route=\/wp\/v2\/pages"}],"about":[{"href":"http:\/\/magenta-brass.de\/index.php?rest_route=\/wp\/v2\/types\/page"}],"author":[{"embeddable":true,"href":"http:\/\/magenta-brass.de\/index.php?rest_route=\/wp\/v2\/users\/1"}],"replies":[{"embeddable":true,"href":"http:\/\/magenta-brass.de\/index.php?rest_route=%2Fwp%2Fv2%2Fcomments&post=111"}],"version-history":[{"count":2,"href":"http:\/\/magenta-brass.de\/index.php?rest_route=\/wp\/v2\/pages\/111\/revisions"}],"predecessor-version":[{"id":135,"href":"http:\/\/magenta-brass.de\/index.php?rest_route=\/wp\/v2\/pages\/111\/revisions\/135"}],"wp:attachment":[{"href":"http:\/\/magenta-brass.de\/index.php?rest_route=%2Fwp%2Fv2%2Fmedia&parent=111"}],"curies":[{"name":"wp","href":"https:\/\/api.w.org\/{rel}","templated":true}]}}